{"id":517,"date":"2019-04-12T15:13:03","date_gmt":"2019-04-12T15:13:03","guid":{"rendered":"https:\/\/www.puntocero.com.ar\/plat2\/?page_id=517"},"modified":"2025-11-06T15:06:29","modified_gmt":"2025-11-06T15:06:29","slug":"quienes-somos","status":"publish","type":"page","link":"https:\/\/www.puntocero.com.ar\/plat2\/quienes-somos\/","title":{"rendered":"Quienes somos"},"content":{"rendered":"<p><a href=\"https:\/\/www.puntocero.com.ar\/plat2\/wp-content\/uploads\/2019\/04\/IMG_20150710_163124.jpg\"><img loading=\"lazy\" decoding=\"async\" class=\"alignleft wp-image-732 size-medium\" src=\"https:\/\/www.puntocero.com.ar\/plat2\/wp-content\/uploads\/2019\/04\/IMG_20150710_163124-300x169.jpg\" alt=\"\" width=\"300\" height=\"169\" srcset=\"https:\/\/www.puntocero.com.ar\/plat2\/wp-content\/uploads\/2019\/04\/IMG_20150710_163124-300x169.jpg 300w, https:\/\/www.puntocero.com.ar\/plat2\/wp-content\/uploads\/2019\/04\/IMG_20150710_163124-768x432.jpg 768w, https:\/\/www.puntocero.com.ar\/plat2\/wp-content\/uploads\/2019\/04\/IMG_20150710_163124-1024x576.jpg 1024w, https:\/\/www.puntocero.com.ar\/plat2\/wp-content\/uploads\/2019\/04\/IMG_20150710_163124.jpg 2048w\" sizes=\"auto, (max-width: 300px) 100vw, 300px\" \/><\/a><\/p>\n<p><strong>PuntoCero Producciones<\/strong><\/p>\n<p>Es una productora profesional para la industria audiovisual, gr\u00e1fica e Internet con amplia versatilidad, nuestra estructura de trabajo est\u00e1 en condiciones de atender sus necesidades, desde eventos sociales a grandes producciones con la misma eficiencia y responsabilidad.<\/p>\n<p>En todos los casos, nuestros equipos de producci\u00f3n est\u00e1n conformados por profesionales de los distintos medios de comunicaci\u00f3n.<\/p>\n<p>Nuestro trabajo nace con la necesidad del cliente, somos parte fundamental y el compromiso es total con el cliente\/ empresa y la idea.<\/p>\n<p>Si usted tiene una necesidad en materia audiovisual, nosotros tenemos una respuesta.<\/p>\n<hr \/>\n<p><a href=\"https:\/\/www.linkedin.com\/in\/diego-sethson-%F0%9F%93%B9-realizador-de-cine-y-tv-marketing-y-comunicaci%C3%B3n-69336914\/\" target=\"_blank\" rel=\"noopener noreferrer\"><img loading=\"lazy\" decoding=\"async\" class=\"alignleft wp-image-718\" src=\"https:\/\/www.puntocero.com.ar\/plat2\/wp-content\/uploads\/2019\/04\/linkedin-maranja-150x150.jpg\" alt=\"\" width=\"44\" height=\"44\" srcset=\"https:\/\/www.puntocero.com.ar\/plat2\/wp-content\/uploads\/2019\/04\/linkedin-maranja-150x150.jpg 150w, https:\/\/www.puntocero.com.ar\/plat2\/wp-content\/uploads\/2019\/04\/linkedin-maranja-300x300.jpg 300w, https:\/\/www.puntocero.com.ar\/plat2\/wp-content\/uploads\/2019\/04\/linkedin-maranja-768x768.jpg 768w, https:\/\/www.puntocero.com.ar\/plat2\/wp-content\/uploads\/2019\/04\/linkedin-maranja-230x230.jpg 230w, https:\/\/www.puntocero.com.ar\/plat2\/wp-content\/uploads\/2019\/04\/linkedin-maranja-330x330.jpg 330w, https:\/\/www.puntocero.com.ar\/plat2\/wp-content\/uploads\/2019\/04\/linkedin-maranja.jpg 900w\" sizes=\"auto, (max-width: 44px) 100vw, 44px\" \/><\/a><strong>Diego Sethson<\/strong><br \/>\nRealizador y Productor de Cine y TV<br \/>\nMarketing y Comunicaci\u00f3n Transmedia<\/p>\n<hr \/>\n<p><a href=\"http:\/\/linkedin.com\/in\/ariel-rodr\u00edguez-727927184\" target=\"_blank\" rel=\"noopener noreferrer\"><img loading=\"lazy\" decoding=\"async\" class=\"alignleft wp-image-718\" src=\"https:\/\/www.puntocero.com.ar\/plat2\/wp-content\/uploads\/2019\/04\/linkedin-maranja-150x150.jpg\" alt=\"\" width=\"44\" height=\"44\" srcset=\"https:\/\/www.puntocero.com.ar\/plat2\/wp-content\/uploads\/2019\/04\/linkedin-maranja-150x150.jpg 150w, https:\/\/www.puntocero.com.ar\/plat2\/wp-content\/uploads\/2019\/04\/linkedin-maranja-300x300.jpg 300w, https:\/\/www.puntocero.com.ar\/plat2\/wp-content\/uploads\/2019\/04\/linkedin-maranja-768x768.jpg 768w, https:\/\/www.puntocero.com.ar\/plat2\/wp-content\/uploads\/2019\/04\/linkedin-maranja-230x230.jpg 230w, https:\/\/www.puntocero.com.ar\/plat2\/wp-content\/uploads\/2019\/04\/linkedin-maranja-330x330.jpg 330w, https:\/\/www.puntocero.com.ar\/plat2\/wp-content\/uploads\/2019\/04\/linkedin-maranja.jpg 900w\" sizes=\"auto, (max-width: 44px) 100vw, 44px\" \/><\/a><strong>Ariel Rodriguez<\/strong><br \/>\nRealizador y Productor de Cine y TV<br \/>\nProfesor de Castellano, Literatura y Lat\u00edn<\/p>\n<hr \/>\n<p><a href=\"https:\/\/www.linkedin.com\/in\/manuel-sethson-crespo-066392210\/\" target=\"_blank\" rel=\"noopener noreferrer\"><img loading=\"lazy\" decoding=\"async\" class=\"alignleft wp-image-718\" src=\"https:\/\/www.puntocero.com.ar\/plat2\/wp-content\/uploads\/2019\/04\/linkedin-maranja-150x150.jpg\" alt=\"\" width=\"44\" height=\"44\" srcset=\"https:\/\/www.puntocero.com.ar\/plat2\/wp-content\/uploads\/2019\/04\/linkedin-maranja-150x150.jpg 150w, https:\/\/www.puntocero.com.ar\/plat2\/wp-content\/uploads\/2019\/04\/linkedin-maranja-300x300.jpg 300w, https:\/\/www.puntocero.com.ar\/plat2\/wp-content\/uploads\/2019\/04\/linkedin-maranja-768x768.jpg 768w, https:\/\/www.puntocero.com.ar\/plat2\/wp-content\/uploads\/2019\/04\/linkedin-maranja-230x230.jpg 230w, https:\/\/www.puntocero.com.ar\/plat2\/wp-content\/uploads\/2019\/04\/linkedin-maranja-330x330.jpg 330w, https:\/\/www.puntocero.com.ar\/plat2\/wp-content\/uploads\/2019\/04\/linkedin-maranja.jpg 900w\" sizes=\"auto, (max-width: 44px) 100vw, 44px\" \/><\/a><\/p>\n<p><strong>Manuel Sethson Crespo<\/strong><br \/>\nCreador de contenidos &#8211; Diplomado en Marketing<br \/>\nStreaming en vivo para eventos especiales (Festival de cine &#8211; Congresos &#8211; Teatro &#8211; Seminarios &#8211; Danza &#8211; Etc.)<br \/>\nCapacitador de OBS Studio &#8211; Streamlabs<\/p>\n<hr \/>\n<p><a href=\"https:\/\/www.linkedin.com\/in\/santiago-sethson-701444185\/\" target=\"_blank\" rel=\"noopener noreferrer\"><img loading=\"lazy\" decoding=\"async\" class=\"alignleft wp-image-718\" src=\"https:\/\/www.puntocero.com.ar\/plat2\/wp-content\/uploads\/2019\/04\/linkedin-maranja-150x150.jpg\" alt=\"\" width=\"44\" height=\"44\" srcset=\"https:\/\/www.puntocero.com.ar\/plat2\/wp-content\/uploads\/2019\/04\/linkedin-maranja-150x150.jpg 150w, https:\/\/www.puntocero.com.ar\/plat2\/wp-content\/uploads\/2019\/04\/linkedin-maranja-300x300.jpg 300w, https:\/\/www.puntocero.com.ar\/plat2\/wp-content\/uploads\/2019\/04\/linkedin-maranja-768x768.jpg 768w, https:\/\/www.puntocero.com.ar\/plat2\/wp-content\/uploads\/2019\/04\/linkedin-maranja-230x230.jpg 230w, https:\/\/www.puntocero.com.ar\/plat2\/wp-content\/uploads\/2019\/04\/linkedin-maranja-330x330.jpg 330w, https:\/\/www.puntocero.com.ar\/plat2\/wp-content\/uploads\/2019\/04\/linkedin-maranja.jpg 900w\" sizes=\"auto, (max-width: 44px) 100vw, 44px\" \/><\/a><\/p>\n<p><strong>Santiago Sethson<\/strong><br \/>\nDise\u00f1ador web, programador, desarrollador inform\u00e1tico.<br \/>\nUniversidad Tecnol\u00f3gica Nacional \/ Universidad Nacional de Mar del Plata<\/p>\n","protected":false},"excerpt":{"rendered":"<p>PuntoCero Producciones Es una productora profesional para la industria audiovisual, gr\u00e1fica e Internet con amplia versatilidad, nuestra estructura de trabajo est\u00e1 en condiciones de atender sus necesidades, desde eventos sociales a grandes producciones con la misma eficiencia y responsabilidad. En<\/p>\n","protected":false},"author":2,"featured_media":0,"parent":0,"menu_order":0,"comment_status":"closed","ping_status":"closed","template":"","meta":{"_joinchat":[],"footnotes":""},"class_list":["post-517","page","type-page","status-publish","hentry"],"_links":{"self":[{"href":"https:\/\/www.puntocero.com.ar\/plat2\/wp-json\/wp\/v2\/pages\/517","targetHints":{"allow":["GET"]}}],"collection":[{"href":"https:\/\/www.puntocero.com.ar\/plat2\/wp-json\/wp\/v2\/pages"}],"about":[{"href":"https:\/\/www.puntocero.com.ar\/plat2\/wp-json\/wp\/v2\/types\/page"}],"author":[{"embeddable":true,"href":"https:\/\/www.puntocero.com.ar\/plat2\/wp-json\/wp\/v2\/users\/2"}],"replies":[{"embeddable":true,"href":"https:\/\/www.puntocero.com.ar\/plat2\/wp-json\/wp\/v2\/comments?post=517"}],"version-history":[{"count":23,"href":"https:\/\/www.puntocero.com.ar\/plat2\/wp-json\/wp\/v2\/pages\/517\/revisions"}],"predecessor-version":[{"id":1227,"href":"https:\/\/www.puntocero.com.ar\/plat2\/wp-json\/wp\/v2\/pages\/517\/revisions\/1227"}],"wp:attachment":[{"href":"https:\/\/www.puntocero.com.ar\/plat2\/wp-json\/wp\/v2\/media?parent=517"}],"curies":[{"name":"wp","href":"https:\/\/api.w.org\/{rel}","templated":true}]}}